 tens digit of 989841798?
9
What is the hundreds digit of 1181693832?
8
What is the hundred thousands digit of 969921830?
9
What is the ten thousands digit of 8249351639?
5
What is the ten thousands digit of 311305600?
0
What is the ten millions digit of 978861834?
7
What is the ten thousands digit of 6852275?
5
What is the tens digit of 422163203?
0
What is the ten millions digit of 189047126?
8
What is the ten millions digit of 7037909943?
3
What is the ten thousands digit of 6766828641?
2
What is the hundred thousands digit of 36726044?
7
What is the ten millions digit of 191008042?
9
What is the ten millions digit of 455962987?
5
What is the ten thousands digit of 12916186?
1
What is the hundreds digit of 3460082109?
1
What is the ten thousands digit of 41456895?
5
What is the hundred millions digit of 3557158535?
5
What is the thousands digit of 996177392?
7
What is the units digit of 6106580?
0
What is the tens digit of 92883047?
4
What is the hundreds digit of 4686203767?
7
What is the hundred thousands digit of 8655148809?
1
What is the ten thousands digit of 57995631?
9
What is the tens digit of 48839326?
2
What is the hundreds digit of 1522210610?
6
What is the thousands digit of 226426103?
6
What is the billions digit of 1192947535?
1
What is the ten millions digit of 61182875?
6
What is the units digit of 45703977?
7
What is the hundred millions digit of 1898899373?
8
What is the hundreds digit of 13888589?
5
What is the ten thousands digit of 4476309983?
0
What is the ten millions digit of 643964704?
4
What is the ten millions digit of 37473873?
3
What is the units digit of 84570682?
2
What is the tens digit of 131102736?
3
What is the ten millions digit of 1261091403?
6
What is the hundred millions digit of 112836243?
1
What is the hundred thousands digit of 419931236?
9
What is the hundred thousands digit of 214256456?
2
What is the ten millions digit of 56347164?
5
What is the millions digit of 849526393?
9
What is the tens digit of 127229123?
2
What is the ten thousands digit of 1927954329?
5
What is the millions digit of 62121637?
2
What is the hundreds digit of 72616365?
3
What is the tens digit of 383590874?
7
What is the units digit of 38643377?
7
What is the millions digit of 386289466?
6
What is the hundreds digit of 757878581?
5
What is the hundreds digit of 111658156?
1
What is the hundred millions digit of 128197043?
1
What is the hundreds digit of 3961040535?
5
What is the thousands digit of 57465683?
5
What is the millions digit of 3406246852?
6
What is the hundred thousands digit of 805303917?
3
What is the ten millions digit of 41748081?
4
What is the billions digit of 2244992236?
2
What is the millions digit of 292754907?
2
What is the hundred millions digit of 3704249043?
7
What is the millions digit of 133970699?
3
What is the ten thousands digit of 21701064?
0
What is the tens digit of 6893?
9
What is the hundred thousands digit of 93344007?
3
What is the billions digit of 2052472387?
2
What is the hundreds digit of 1047897185?
1
What is the units digit of 5050144806?
6
What is the ten millions digit of 72745580?
7
What is the ten millions digit of 822463798?
2
What is the ten millions digit of 263197861?
6
What is the ten thousands digit of 1224599505?
9
What is the units digit of 6539266?
6
What is the ten millions digit of 82557202?
8
What is the billions digit of 2713152942?
2
What is the tens digit of 864208312?
1
What is the ten thousands digit of 5113125378?
2
What is the hundred thousands digit of 69605025?
6
What is the units digit of 165236633?
3
What is the units digit of 717533907?
7
What is the ten millions digit of 237587628?
3
What is the hundred thousands digit of 235590314?
5
What is the units digit of 215798840?
0
What is the hundreds digit of 121470369?
3
What is the hundred millions digit of 304833901?
3
What is the billions digit of 3158566694?
3
What is the hundreds digit of 41581037?
0
What is the ten thousands digit of 15920177?
2
What is the thousands digit of 1168567323?
7
What is the hundred thousands digit of 22404501?
4
What is the hundred thousands digit of 143093784?
0
What is the tens digit of 5121777802?
0
What is the hundreds digit of 1781148672?
6
What is the millions digit of 4789762423?
9
What is the tens digit of 394012911?
1
What is the millions digit of 636469172?
6
What is the thousands digit of 47428703?
8
What is the thousands digit of 243052031?
2
What is the thousands digit of 3914111780?
1
What is the hundred millions digit of 225406319?
2
What is the thousands digit of 33624938?
4
What is the millions digit of 1710307780?
0
What is the hundreds digit of 3595363858?
8
What is the ten thousands digit of 4180664579?
6
What is the units digit of 230584815?
5
What is the hundred millions digit of 100735934?
1
What is the thousands digit of 1400753920?
3
What is the tens digit of 149078219?
1
What is the hundred millions digit of 130775589?
1
What is the tens digit of 7108747093?
9
What is the ten thousands digit of 748023605?
2
What is the hundreds digit of 446008823?
8
What is the units digit of 7757118567?
7
What is the hundred thousands digit of 346663442?
6
What is the ten millions digit of 374699538?
7
What is the hundreds digit of 2366232940?
9
What is the ten millions digit of 10481048?
1
What is the hundred thousands digit of 10702553?
7
What is the hundred millions digit of 240932022?
2
What is the units digit of 98185934?
4
What is the ten thousands digit of 555116212?
1
What is the hundreds digit of 2610838313?
3
What is the tens digit of 150059390?
9
What is the thousands digit of 390728110?
8
What is the ten millions digit of 326176737?
2
What is the tens digit of 229414525?
2
What is the millions digit of 4837058555?
7
What is the thousands digit of 1492418494?
8
What is the hundred millions digit of 260523724?
2
What is the hundred millions digit of 280095059?
2
What is the units digit of 722655345?
5
What is the thousands digit of 32811060?
1
What is the units digit of 249372717?
7
What is the ten thousands digit of 67574201?
7
What is the tens digit of 2522911725?
2
What is the units digit of 174996123?
3
What is the thousands digit of 44676489?
6
What is the millions digit of 792862528?
2
What is the hundred millions digit of 1264528992?
2
What is the ten thousands digit of 203881894?
8
What is the millions digit of 4058996861?
8
What is the hundred millions digit of 3319156534?
3
What is the units digit of 3890541424?
4
What is the millions digit of 2839000897?
9
What is the units digit of 44261983?
3
What is the hundreds digit of 6681558?
5
What is the ten thousands digit of 137284862?
8
What is the millions digit of 408176557?
8
What is the hundred millions digit of 3603799563?
6
What is the units digit of 155001118?
8
What is the millions digit of 266102208?
6
What is the thousands digit of 1485530339?
0
What is the hundreds digit of 752409821?
8
What is the billions digit of 1416591378?
1
What is the billions digit of 2515073459?
2
What is the hundreds digit of 1277686693?
6
What is the ten millions digit of 117389560?
1
What is the hundred millions digit of 808157179?
8
What is the hundreds digit of 997276666?
6
What is the tens digit of 154182037?
3
What is the units digit of 132299622?
2
What is the millions digit of 229928290?
9
What is the thousands digit of 870541709?
1
What is the units digit of 739717836?
6
What is the millions digit of 5020270475?
0
What is the billions digit of 2574837156?
2
What is the tens digit of 163519481?
8
What is the ten millions digit of 78475264?
7
What is the millions digit of 1030404285?
0
What is the hundred thousands digit of 287493233?
4
What is the hundred thousands digit of 1365477328?
4
What is the hundreds digit of 136618744?
7
What is the hundred thousands digit of 1699198609?
1
What is the thousands digit of 68154585?
4
What is the ten thousands digit of 494268704?
6
What is the millions digit of 347338670?
7
What is the tens digit of 345575892?
9
What is the hundreds digit of 215500487?
4
What is the hundreds digit of 582484331?
3
What is the thousands digit of 902640844?
0
What is the hundreds digit of 12358361?
3
What is the ten millions digit of 22877213?
2
What is the thousands digit of 84